{"id":7063,"date":"2023-06-17T07:36:04","date_gmt":"2023-06-17T12:36:04","guid":{"rendered":"http:\/\/localhost\/wordpress\/?page_id=7063"},"modified":"2023-06-29T19:28:06","modified_gmt":"2023-06-30T00:28:06","slug":"serviciosdigitales","status":"publish","type":"page","link":"http:\/\/www.myt.international\/wordpress\/serviciosdigitales\/","title":{"rendered":"ServiciosDigitales"},"content":{"rendered":"<section class=\"wpb-content-wrapper\"><p>[vc_row][vc_column][vc_column_text]<\/p>\n<h2>Servicios de gobierno y transformaci\u00f3n digital<\/h2>\n<p>[\/vc_column_text][stm_spacing][\/vc_column][\/vc_row][vc_row][vc_column width=&#8221;1\/2&#8243;][stm_icon_box hide_title_line=&#8221;hide_title_line&#8221; icon=&#8221;fab fa-mixcloud&#8221; style=&#8221;icon_left&#8221; icon_size=&#8221;26&#8243; icon_color=&#8221;base&#8221; icon_bg_color=&#8221;third_bg&#8221; icon_width=&#8221;70&#8243; title=&#8221;Plan de gobierno y transformaci\u00f3n digital&#8221;]Desarrollamos planes de gobierno y transformaci\u00f3n digital para enrumbar a su organizaci\u00f3n hacia la conversaci\u00f3n en una organizaci\u00f3n digital.<\/p>\n<p>Nuestro servicio comprende la definici\u00f3n del enfoque estrat\u00e9gico, la evaluaci\u00f3n de madurez de su proceso de transformaci\u00f3n digital (diagn\u00f3stico de procesos, colaborares y tecnolog\u00eda digital), la definici\u00f3n de objetivos, as\u00ed como la estrategia y planificaci\u00f3n (portafolio de proyectos), la implementaci\u00f3n de los proyectos, monitoreo y evaluaci\u00f3n.[\/stm_icon_box][\/vc_column][vc_column width=&#8221;1\/2&#8243;][stm_icon_box hide_title_line=&#8221;hide_title_line&#8221; icon=&#8221;stm-glob-consulting&#8221; style=&#8221;icon_left&#8221; icon_size=&#8221;26&#8243; icon_color=&#8221;base&#8221; icon_bg_color=&#8221;third_bg&#8221; icon_width=&#8221;70&#8243; title=&#8221;Implementaci\u00f3n del SGSTI conforme a ISO 20000&#8243;]Dise\u00f1amos, implementamos, operamos y apoyamos a certificar el Sistema de Gesti\u00f3n de Servicios de TI (SGSTI) de su organizaci\u00f3n. Siempre tomando como marco de referencia de servicios de ti al marco ITIL.<\/p>\n<p>Desarrollamos el manual del SGSI as\u00ed como sus componentes para que opere de forma eficiente apoyando a lograr los objetivos estrat\u00e9gicos de su organizaci\u00f3n. Desarrollamos los requisitos de las partes interesadas, la pol\u00edtica y objetivos, dise\u00f1amos e implementamos los procesos en base a ITIL, el plan de capacitaci\u00f3n y toma de conciencia, las m\u00e9tricas, auditor\u00eda interna, revisi\u00f3n por la alta direcci\u00f3n, as\u00ed como las acciones correctivas y oportunidades de mejora.[\/stm_icon_box][\/vc_column][\/vc_row][vc_row][vc_column width=&#8221;1\/2&#8243;][stm_icon_box hide_title_line=&#8221;hide_title_line&#8221; icon=&#8221;fas fa-signal&#8221; style=&#8221;icon_left&#8221; icon_size=&#8221;26&#8243; icon_color=&#8221;base&#8221; icon_bg_color=&#8221;third_bg&#8221; icon_width=&#8221;70&#8243; title=&#8221;Evaluaci\u00f3n de capacidad de procesos y madurez de organizaciones&#8221;]Desde nuestro nacimiento hemos evaluado y determinado la capacidad de procesos de software en base a ISO 15504 (hoy ISO 33000).<\/p>\n<p>Hoy en d\u00eda nuestro entendimiento y experiencia nos ha llevado a evaluar la capacidad de procesos de software, de procesos de TI basados en ITIL, as\u00ed como la evaluaci\u00f3n de capacidad y madurez del proceso de transformaci\u00f3n digital.<\/p>\n<p>Como M&amp;T hemos desarrollado nuestro propio modelo de evaluaci\u00f3n y determinaci\u00f3n de capacidad de procesos basados en la norma ISO 33000.[\/stm_icon_box][\/vc_column][vc_column width=&#8221;1\/2&#8243;][stm_icon_box hide_title_line=&#8221;hide_title_line&#8221; icon=&#8221;far fa-file-code&#8221; style=&#8221;icon_left&#8221; icon_size=&#8221;26&#8243; icon_color=&#8221;base&#8221; icon_bg_color=&#8221;third_bg&#8221; icon_width=&#8221;70&#8243; title=&#8221;Implementaci\u00f3n de la norma ISO 12207&#8243;]Otro servicio que tambi\u00e9n fue nuestro punto de partida como firma de consultor\u00eda es la implementaci\u00f3n de la norma ISO 12207 Procesos del ciclo de vida del software.<\/p>\n<p>Este servicio incluye el establecimiento de requisitos de infraestructura tangible e intangible, el diagn\u00f3stico cuantitativo (capacidad de procesos) como el cualitativo (diagramaci\u00f3n actual de los procesos), el dise\u00f1o de los procesos, el despliegue y mentoring a fin de asegurar el correcto funcionamiento de los procesos mejorados y\/o actualizados.[\/stm_icon_box][\/vc_column][\/vc_row][vc_row][vc_column width=&#8221;1\/2&#8243;][stm_icon_box hide_title_line=&#8221;hide_title_line&#8221; icon=&#8221;fas fa-network-wired&#8221; style=&#8221;icon_left&#8221; icon_size=&#8221;26&#8243; icon_color=&#8221;base&#8221; icon_bg_color=&#8221;third_bg&#8221; icon_width=&#8221;70&#8243; title=&#8221;Migraci\u00f3n al protocolo IPV6&#8243;]Nuestro servicio de migraci\u00f3n hacia el protocolo IPV 6 consiste en diagnosticar e inventariar la cantidad y tipo de recurso a migrar (servidor, router, switch, pc, laptops, impresora, tel\u00e9fono, VLANs, etc.), planificar la migraci\u00f3n, desarrollar procedimientos de configuraci\u00f3n para cada tipo de recursos, testear la migraci\u00f3n en nuestro software especializado, desplegar el plan de migraci\u00f3n e ir monitoreando el comportamiento de la red.<\/p>\n<p>Hemos migrado con \u00e9xito redes al protocolo IPV6.[\/stm_icon_box][\/vc_column][vc_column width=&#8221;1\/2&#8243;][stm_icon_box hide_title_line=&#8221;hide_title_line&#8221; icon=&#8221;far fa-hand-point-up&#8221; style=&#8221;icon_left&#8221; icon_size=&#8221;26&#8243; icon_color=&#8221;base&#8221; icon_bg_color=&#8221;third_bg&#8221; icon_width=&#8221;70&#8243; title=&#8221;Digitalizaci\u00f3n de procesos de negocio&#8221;]Los procesos de negocio hoy en d\u00eda deben estar digitalizados para ir a la par de la demanda actual de este tipo de servicios por parte de clientes y usuarios. En M&amp;T hemos desarrollado una metodolog\u00eda que le permitir\u00e1 transformar su proceso usual en un proceso digital. En nuestra metodolog\u00eda consideramos: determinar la viabilidad de digitalizar el proceso, diagramaci\u00f3n exhaustiva del proceso, identificaci\u00f3n de brechas digitales, dise\u00f1o del proceso digital, planificaci\u00f3n de cierre de brechas digitales, definici\u00f3n de objetivos, desarrollo y despliegue, capacitaci\u00f3n, monitoreo y mejora del proceso digitalizado.[\/stm_icon_box][\/vc_column][\/vc_row][vc_row full_width=&#8221;stretch_row&#8221; video_bg=&#8221;yes&#8221; video_bg_parallax=&#8221;content-moving&#8221; el_class=&#8221;video_overlay&#8221;][vc_column][stm_spacing][vc_custom_heading text=&#8221;Conf\u00ede en M&amp;T International !&#8221; font_container=&#8221;tag:h1|text_align:center|color:%23ffffff&#8221; use_theme_fonts=&#8221;yes&#8221;][vc_btn title=&#8221;CONT\u00c1CTENOS !&#8221; style=&#8221;flat&#8221; shape=&#8221;square&#8221; color=&#8221;theme_style_3&#8243; size=&#8221;lg&#8221; align=&#8221;center&#8221; link=&#8221;url:%2Fwordpress%2Fcontact-us%2F&#8221;][stm_spacing][\/vc_column][\/vc_row]<\/p>\n<\/section>","protected":false},"excerpt":{"rendered":"<p>[vc_row][vc_column][vc_column_text] Servicios de gobierno y transformaci\u00f3n digital [\/vc_column_text][stm_spacing][\/vc_column][\/vc_row][vc_row][vc_column width=&#8221;1\/2&#8243;][stm_icon_box hide_title_line=&#8221;hide_title_line&#8221; icon=&#8221;fab fa-mixcloud&#8221; style=&#8221;icon_left&#8221; icon_size=&#8221;26&#8243; icon_color=&#8221;base&#8221; icon_bg_color=&#8221;third_bg&#8221; icon_width=&#8221;70&#8243; title=&#8221;Plan de gobierno y transformaci\u00f3n digital&#8221;]Desarrollamos planes de gobierno y transformaci\u00f3n digital para enrumbar a su organizaci\u00f3n hacia la conversaci\u00f3n en una organizaci\u00f3n digital. Nuestro servicio comprende la definici\u00f3n del enfoque estrat\u00e9gico, la evaluaci\u00f3n de madurez de su<\/p>\n","protected":false},"author":1,"featured_media":0,"parent":0,"menu_order":0,"comment_status":"closed","ping_status":"closed","template":"","meta":{"footnotes":""},"class_list":["post-7063","page","type-page","status-publish","hentry"],"_links":{"self":[{"href":"http:\/\/www.myt.international\/wordpress\/wp-json\/wp\/v2\/pages\/7063","targetHints":{"allow":["GET"]}}],"collection":[{"href":"http:\/\/www.myt.international\/wordpress\/wp-json\/wp\/v2\/pages"}],"about":[{"href":"http:\/\/www.myt.international\/wordpress\/wp-json\/wp\/v2\/types\/page"}],"author":[{"embeddable":true,"href":"http:\/\/www.myt.international\/wordpress\/wp-json\/wp\/v2\/users\/1"}],"replies":[{"embeddable":true,"href":"http:\/\/www.myt.international\/wordpress\/wp-json\/wp\/v2\/comments?post=7063"}],"version-history":[{"count":25,"href":"http:\/\/www.myt.international\/wordpress\/wp-json\/wp\/v2\/pages\/7063\/revisions"}],"predecessor-version":[{"id":7283,"href":"http:\/\/www.myt.international\/wordpress\/wp-json\/wp\/v2\/pages\/7063\/revisions\/7283"}],"wp:attachment":[{"href":"http:\/\/www.myt.international\/wordpress\/wp-json\/wp\/v2\/media?parent=7063"}],"curies":[{"name":"wp","href":"https:\/\/api.w.org\/{rel}","templated":true}]}}