{"id":7089,"date":"2023-06-17T11:21:57","date_gmt":"2023-06-17T16:21:57","guid":{"rendered":"http:\/\/localhost\/wordpress\/?page_id=7089"},"modified":"2023-06-29T19:55:58","modified_gmt":"2023-06-30T00:55:58","slug":"bpo","status":"publish","type":"page","link":"http:\/\/www.myt.international\/wordpress\/bpo\/","title":{"rendered":"BPO"},"content":{"rendered":"<section class=\"wpb-content-wrapper\"><p>[vc_row][vc_column][vc_column_text]<\/p>\n<h2>Outsourcing de servicios digitales<\/h2>\n<p>[\/vc_column_text][stm_spacing][\/vc_column][\/vc_row][vc_row][vc_column width=&#8221;1\/2&#8243;][stm_icon_box hide_title_line=&#8221;hide_title_line&#8221; icon=&#8221;fas fa-code&#8221; style=&#8221;icon_left&#8221; icon_size=&#8221;26&#8243; icon_color=&#8221;base&#8221; icon_bg_color=&#8221;third_bg&#8221; icon_width=&#8221;70&#8243; title=&#8221;Outsourcing de desarrollo de software&#8221;]Nos encargamos de desarrollar software por su organizaci\u00f3n aplicando buenas pr\u00e1cticas de programaci\u00f3n, as\u00ed como pol\u00edticas adecuadas de desarrollo seguro para evitar vulnerabilidades.<\/p>\n<p>Nuestro servicio se enmarca dentro de los procesos de provisi\u00f3n de servicios de ITIL y nuestra metodolog\u00eda de desarrollo de software tanto en CMMi como en ISO 12207.[\/stm_icon_box][\/vc_column][vc_column width=&#8221;1\/2&#8243;][stm_icon_box hide_title_line=&#8221;hide_title_line&#8221; icon=&#8221;fas fa-user-lock&#8221; style=&#8221;icon_left&#8221; icon_size=&#8221;26&#8243; icon_color=&#8221;base&#8221; icon_bg_color=&#8221;third_bg&#8221; icon_width=&#8221;70&#8243; title=&#8221;Outsourcing de la gesti\u00f3n de seguridad de la informaci\u00f3n y ciberseguridad&#8221;]Nos encargamos de desarrollar gestionar la seguridad de la informaci\u00f3n, ciberseguridad y seguridad digital de su organizaci\u00f3n tomando como referencia ISO 27001.<\/p>\n<p>Nuestro servicio se enmarca dentro del amplio dominio que tenemos de ISO 27001, 27002, 22301, 31000, 27005; as\u00ed como los marcos NIST Cybersecurity Framework, CIS Controls, ITIL y COBIT.[\/stm_icon_box][\/vc_column][\/vc_row][vc_row][vc_column width=&#8221;1\/2&#8243;][stm_icon_box hide_title_line=&#8221;hide_title_line&#8221; icon=&#8221;fas fa-bug&#8221; style=&#8221;icon_left&#8221; icon_size=&#8221;26&#8243; icon_color=&#8221;base&#8221; icon_bg_color=&#8221;third_bg&#8221; icon_width=&#8221;70&#8243; title=&#8221;Outsourcing de calidad de software&#8221;]Nos encargamos de operar el aseguramiento y control de calidad del software, as\u00ed como tambi\u00e9n la mejora continua de los procesos del ciclo de vida del software. Para ello empleamos normas ISO as\u00ed como buenas pr\u00e1cticas y marcos de reconocimiento mundial<\/p>\n<p>Nuestro servicio se enmarca dentro de los procesos de provisi\u00f3n de servicios de ITIL y nuestra metodolog\u00eda de calidad de software tanto en CMMi como en ISO 12207 e ISO 33000.[\/stm_icon_box][\/vc_column][vc_column width=&#8221;1\/2&#8243;][stm_icon_box hide_title_line=&#8221;hide_title_line&#8221; icon=&#8221;fas fa-users&#8221; style=&#8221;icon_left&#8221; icon_size=&#8221;26&#8243; icon_color=&#8221;base&#8221; icon_bg_color=&#8221;third_bg&#8221; icon_width=&#8221;70&#8243; title=&#8221;Outsourcing de la gesti\u00f3n de servicios de TI&#8221;]Nos encargamos de gestionar la provisi\u00f3n de servicios de TI tomando como referencia el ciclo de servicios de ITIL: estrategia, dise\u00f1o, transici\u00f3n, operaci\u00f3n y mejora continua del servicio.<\/p>\n<p>Nuestro servicio comprende los servicios de gesti\u00f3n de la demanda, gesti\u00f3n de la capacidad, gesti\u00f3n del cambio, gesti\u00f3n de la liberaci\u00f3n y despliegue, gesti\u00f3n de eventos e incidentes y manejo de problemas, entre otros.[\/stm_icon_box][\/vc_column][\/vc_row][vc_row full_width=&#8221;stretch_row&#8221; video_bg=&#8221;yes&#8221; video_bg_parallax=&#8221;content-moving&#8221; el_class=&#8221;video_overlay&#8221;][vc_column][stm_spacing][vc_custom_heading text=&#8221;Confi\u00e9 en M&amp;T International !&#8221; font_container=&#8221;tag:h1|text_align:center|color:%23ffffff&#8221; use_theme_fonts=&#8221;yes&#8221;][vc_btn title=&#8221;CONT\u00c1CTENOS !&#8221; style=&#8221;flat&#8221; shape=&#8221;square&#8221; color=&#8221;theme_style_3&#8243; size=&#8221;lg&#8221; align=&#8221;center&#8221; link=&#8221;url:%2Fwordpress%2Fcontact-us%2F&#8221;][stm_spacing][\/vc_column][\/vc_row]<\/p>\n<\/section>","protected":false},"excerpt":{"rendered":"<p>[vc_row][vc_column][vc_column_text] Outsourcing de servicios digitales [\/vc_column_text][stm_spacing][\/vc_column][\/vc_row][vc_row][vc_column width=&#8221;1\/2&#8243;][stm_icon_box hide_title_line=&#8221;hide_title_line&#8221; icon=&#8221;fas fa-code&#8221; style=&#8221;icon_left&#8221; icon_size=&#8221;26&#8243; icon_color=&#8221;base&#8221; icon_bg_color=&#8221;third_bg&#8221; icon_width=&#8221;70&#8243; title=&#8221;Outsourcing de desarrollo de software&#8221;]Nos encargamos de desarrollar software por su organizaci\u00f3n aplicando buenas pr\u00e1cticas de programaci\u00f3n, as\u00ed como pol\u00edticas adecuadas de desarrollo seguro para evitar vulnerabilidades. Nuestro servicio se enmarca dentro de los procesos de provisi\u00f3n de servicios de<\/p>\n","protected":false},"author":1,"featured_media":0,"parent":0,"menu_order":0,"comment_status":"closed","ping_status":"closed","template":"","meta":{"footnotes":""},"class_list":["post-7089","page","type-page","status-publish","hentry"],"_links":{"self":[{"href":"http:\/\/www.myt.international\/wordpress\/wp-json\/wp\/v2\/pages\/7089","targetHints":{"allow":["GET"]}}],"collection":[{"href":"http:\/\/www.myt.international\/wordpress\/wp-json\/wp\/v2\/pages"}],"about":[{"href":"http:\/\/www.myt.international\/wordpress\/wp-json\/wp\/v2\/types\/page"}],"author":[{"embeddable":true,"href":"http:\/\/www.myt.international\/wordpress\/wp-json\/wp\/v2\/users\/1"}],"replies":[{"embeddable":true,"href":"http:\/\/www.myt.international\/wordpress\/wp-json\/wp\/v2\/comments?post=7089"}],"version-history":[{"count":10,"href":"http:\/\/www.myt.international\/wordpress\/wp-json\/wp\/v2\/pages\/7089\/revisions"}],"predecessor-version":[{"id":7441,"href":"http:\/\/www.myt.international\/wordpress\/wp-json\/wp\/v2\/pages\/7089\/revisions\/7441"}],"wp:attachment":[{"href":"http:\/\/www.myt.international\/wordpress\/wp-json\/wp\/v2\/media?parent=7089"}],"curies":[{"name":"wp","href":"https:\/\/api.w.org\/{rel}","templated":true}]}}